ide 602?
True
Is 16953 a multiple of 153?
False
Is 39088 a multiple of 349?
True
Is 2024 a multiple of 125?
False
Does 24 divide 2849?
False
Does 13 divide 786?
False
Does 15 divide 27195?
True
Is 7 a factor of 293?
False
Is 57 a factor of 103?
False
Is 8896 a multiple of 37?
False
Is 64 a factor of 1697?
False
Does 7 divide 553?
True
Is 15 a factor of 255?
True
Does 61 divide 5525?
False
Does 172 divide 3612?
True
Is 103 a factor of 57783?
True
Does 15 divide 3889?
False
Does 10 divide 1618?
False
Is 42 a factor of 6468?
True
Is 3862 a multiple of 11?
False
Is 85 a factor of 680?
True
Is 9 a factor of 1268?
False
Is 4006 a multiple of 16?
False
Is 15 a factor of 1142?
False
Is 3579 a multiple of 183?
False
Does 37 divide 10175?
True
Is 62 a factor of 558?
True
Is 22 a factor of 916?
False
Is 6121 a multiple of 38?
False
Is 28 a factor of 4383?
False
Is 398 a factor of 41990?
False
Is 75 a factor of 4125?
True
Is 335 a multiple of 66?
False
Is 20 a factor of 580?
True
Does 89 divide 2672?
False
Is 15 a factor of 3817?
False
Is 1896 a multiple of 8?
True
Is 66 a factor of 5412?
True
Does 158 divide 82950?
True
Is 11 a factor of 297?
True
Is 7 a factor of 168?
True
Is 71 a factor of 4622?
False
Is 11580 a multiple of 15?
True
Does 39 divide 4013?
False
Is 7 a factor of 10217?
False
Is 52 a factor of 250?
False
Does 18 divide 1229?
False
Is 38625 a multiple of 17?
False
Is 20288 a multiple of 180?
False
Is 124 a factor of 24924?
True
Is 660 a multiple of 15?
True
Does 4 divide 3023?
False
Is 23 a factor of 1793?
False
Is 43 a factor of 803?
False
Does 26 divide 57397?
False
Is 1468 even?
True
Does 10 divide 12660?
True
Is 282 a multiple of 3?
True
Is 136 a multiple of 20?
False
Does 57 divide 25586?
False
Does 21 divide 4389?
True
Is 6161 a multiple of 19?
False
Is 4426 a multiple of 64?
False
Is 2184 a multiple of 39?
True
Does 9 divide 94628?
False
Is 213 a multiple of 17?
False
Is 50 a factor of 919?
False
Is 10 a factor of 161?
False
Does 153 divide 10240?
False
Is 14 a factor of 26?
False
Is 44998 a multiple of 19?
False
Is 4 a factor of 809?
False
Is 9296 a multiple of 112?
True
Does 19 divide 1216?
True
Is 11 a factor of 7491?
True
Is 7 a factor of 31024?
True
Is 157 a factor of 21509?
True
Is 105 a factor of 4305?
True
Does 155 divide 27651?
False
Is 40931 a multiple of 174?
False
Is 3024 a multiple of 28?
True
Is 7 a factor of 271?
False
Does 7 divide 27531?
True
Is 2550 a multiple of 15?
True
Does 64 divide 2237?
False
Does 33 divide 528?
True
Is 2241 a multiple of 27?
True
Is 1325 a multiple of 25?
True
Is 127 a factor of 11695?
False
Is 51 a factor of 1222?
False
Is 81 a factor of 59211?
True
Does 8 divide 104?
True
Is 11 a factor of 6801?
False
Does 51 divide 153?
True
Is 1148 a multiple of 41?
True
Is 534 a multiple of 7?
False
Does 65 divide 532?
False
Is 4750 a multiple of 25?
True
Is 313 a multiple of 23?
False
Does 57 divide 2622?
True
Does 309 divide 29664?
True
Does 12 divide 744?
True
Is 2558 a multiple of 33?
False
Does 155 divide 17398?
False
Is 6660 a multiple of 36?
True
Is 15 a factor of 4816?
False
Is 108 a factor of 16527?
False
Is 41319 a multiple of 133?
False
Is 18 a factor of 5015?
False
Is 311 a multiple of 18?
False
Is 110 a factor of 39591?
False
Is 14 a factor of 826?
True
Is 2295 a multiple of 45?
True
Is 6 a factor of 489?
False
Is 5 a factor of 95?
True
Is 13 a factor of 2927?
False
Is 39 a factor of 22406?
False
Does 11 divide 187?
True
Is 16 a factor of 144?
True
Is 11 a factor of 908?
False
Is 6354 a multiple of 97?
False
Does 6 divide 342?
True
Does 8 divide 71?
False
Does 90 divide 2880?
True
Does 25 divide 25075?
True
Is 74 a factor of 2755?
False
Is 19001 a multiple of 6?
False
Is 325 a multiple of 10?
False
Does 88 divide 3080?
True
Does 18 divide 2304?
True
Is 5278 a multiple of 91?
True
Does 33 divide 39897?
True
Does 19 divide 2337?
True
Does 20 divide 3257?
False
Is 1720 even?
True
Does 38 divide 1043?
False
Is 1491 a multiple of 22?
False
Is 1505 a multiple of 15?
False
Is 6004 a multiple of 19?
True
Does 16 divide 800?
True
Does 82 divide 5658?
True
Does 64 divide 475?
False
Is 6 a factor of 18?
True
Is 494 a multiple of 20?
False
Does 298 divide 16597?
False
Does 16 divide 665?
False
Is 5 a factor of 270?
True
Does 48 divide 144?
True
Does 20 divide 15210?
False
Does 30 divide 9240?
True
Is 24633 a multiple of 119?
True
Is 14 a factor of 73262?
True
Is 21 a factor of 3759?
True
Is 9 a factor of 87500?
False
Is 106526 a multiple of 77?
False
Does 7 divide 252?
True
Does 14 divide 8732?
False
Is 11626 a multiple of 96?
False
Is 14871 a multiple of 20?
False
Is 36 a factor of 1476?
True
Is 6880 a multiple of 16?
True
Is 71968 a multiple of 15?
False
Is 49380 a multiple of 8?
False
Is 30 a factor of 2270?
False
Is 453 a multiple of 7?
False
Is 4375 a multiple of 19?
False
Is 700 a multiple of 25?
True
Is 4704 a multiple of 12?
True
Is 1768 a multiple of 13?
True
Does 6 divide 41946?
True
Does 23 divide 10764?
True
Does 70 divide 1654?
False
Is 107 a factor of 7394?
False
Is 2235 a multiple of 15?
True
Is 2708 a multiple of 46?
False
Is 37 a factor of 16511?
False
Is 70 a factor of 9450?
True
Does 35 divide 16852?
False
Is 351 a multiple of 15?
False
Is 131 a factor of 25021?
True
Does 10 divide 43?
False
Is 14025 a multiple of 55?
True
Is 8119 a multiple of 23?
True
Does 37 divide 1482?
False
Does 129 divide 11481?
True
Is 2392 a multiple of 23?
True
Does 3 divide 143?
False
Is 52905 a multiple of 5?
True
Is 8008 a multiple of 26?
True
Is 108928 a multiple of 64?
True
Is 40049 a multiple of 32?
False
Is 3011 a multiple of 12?
False
Is 1850 a multiple of 25?
True
Is 963 a multiple of 14?
False
Is 390 a multiple of 26?
True
Is 596 a multiple of 39?
False
Is 26852 a multiple of 14?
True
Does 31 divide 20833?
False
Is 1710 a multiple of 9?
True
Is 17 a factor of 28271?
True
Is 5060 a multiple of 46?
True
Is 11 a factor of 6923?
False
Does 16 divide 7896?
False
Does 7 divide 11221?
True
Is 1848 even?
True
Is 8041 a multiple of 17?
True
Is 95 a multiple of 5?
True
Is 28 a factor of 15148?
True
Is 82184 a multiple of 8?
True
Is 14 a factor of 27771?
False
Does 105 divide 70875?
True
Is 10322 a multiple of 32?
False
Is 20 a factor of 10884?
False
Is 1576 a multiple of 8?
True
Does 27 divide 2368?
False
Is 18 a factor of 5508?
True
Does 34 divide 1666?
True
Is 30880 a multiple of 193?
True
Is 1095 a multiple of 15?
True
Is 39 a factor of 1521?
True
Is 3 a factor of 792?
True
Is 17 a factor of 12648?
True
Is 414 a multiple of 23?
True
Is 43 a factor of 1720?
True
Is 1247 a multiple of 9?
False
Is 14760 a multiple of 205?
True
Does 9 divide 54?
True
Does 32 divide 384?
True
Is 13 a factor of 2124?
False
Is 87 a factor of 4002?
True
Is 2 a factor of 8?
True
Is 17 a factor of 68?
True
Is 8770 a multiple of 45?
False
Is 5 a factor of 27?
False
Does 12 divide 51120?
True
Is 872 a multiple of 71?
False
Is 48 a multiple of 16?
True
Is 15450 a multiple of 75?
True
Is 180 a factor of 7020?
True
Is 56 a factor of 2744?
True
Is 245 a multiple of 5?
True
Is 3231 a multiple of 9?
True
Does 29 divide 2726?
True
Is 258 a multiple of 2?
True
Does 16 divide 2080?
True
Is 262 a multiple of 9?
False
Is 238 a multiple of 7?
True
Is 5 a factor of 512?
False
Is 75 a factor of 115158?
False
Is 5 a factor of 828?
False
Is 412 a multiple of 9?
False
Is 7978 a multiple of 14?
False
Does 91 divide 5500?
False
Is 840 a multiple of 35?
True
Is 1422 a multiple of 6?
True
Does 108 divide 47727?
False
Does 15 divide 1640?
False
Is 9 a factor of 108?
True
Is 275 a factor of 8046?
False
Is 32 a factor of 23904?
True
Does 3 divide 4140?
True
Is 42 a factor of 927?
False
Does 3 divide 4125?
True
Does 76 divide 2080?
False
Is 153 a multiple of 15?
False
Does 17 divide 10008?
False
Is 840 a multiple of 30?
True
Is 2464 a multiple of 32?
True
Does 36 divide 381?
False
Is 81 a factor of 716?
False
Is 20 a factor of 3640?
True
Is 2064 a multiple of 43?
True
Is 56 a factor of 24136?
True
Is 8 a factor of 29137?
False
Is 44 a factor of 57112?
True
Is 60 a factor of 9540?
True
Is 26 a factor of 1380?
False
Is 49 a factor of 11423?
False
Is 38194 a multiple of 113?
True
Is 11 a factor of 5340?
False
Is 1687 a multiple of 34?
False
Does 5 divide 5